
Let l(u) = 24*u**2 + 11*u + 42. Let y be l(7). Calculate the greatest common factor of 70 and y.
35
Let m(w) = 12*w**2 + 173*w - 23. Let r be m(-23). Calculate the greatest common factor of r and 138.
138
Let n = 7548 - 4273. What is the highest common factor of 131 and n?
131
Let o = -721 - -733. Calculate the highest common factor of 150 and o.
6
Let y be 2*((-2)/(-8) + (-117)/(-4)). Suppose -69 = -4*x + y. Let r be ((-6)/(-4))/(3/8). Calculate the highest common divisor of r and x.
4
Suppose -z + 2*a + 46 = 0, 5*a + 88 = 2*z - 4. What is the greatest common factor of 46 and z?
46
Let s(i) = 36*i**2 - i. Let l be s(-1). What is the highest common factor of l and 1184?
37
Let j(n) = -5*n**2 + n - 1. Let l be j(2). Let p = -9 - l. Suppose -q + p*v = 5*v - 100, -2*v - 8 = 0. Calculate the greatest common divisor of q and 10.
10
Let z be (2 - 1)/((-2)/(-32)). Let r = -32 - -56. Calculate the highest common factor of z and r.
8
Let l(p) = p**2 + 3*p + 5. Let v be l(-2). Let g be (v - (-14)/(-3))/((-2)/6). What is the highest common factor of g and 25?
5
Suppose 1139 = 3*m + h, 4*m - 30*h - 1532 = -34*h. Calculate the greatest common divisor of m and 14.
14
Let b be ((-42)/(-10))/((-2)/(-10)). Suppose -q - 3*v - b = 0, -5*v + v - 20 = 0. Let k be (-127)/(-5) - q/10. Calculate the highest common factor of k and 65.
13
Suppose 0*i = -i - 35. Let b(a) = 7*a + 14. Let x be b(5). Let j = i + x. Calculate the highest common factor of 2 and j.
2
Suppose -6*p + 30 = -60. Let g(w) be the third derivative of -w**5/60 - 7*w**4/24 - 3*w**2. Let i be g(-6). What is the greatest common factor of i and p?
3
Let q(h) = -9*h**2 + 21*h - 2. Let l be q(2). Let d = -7 - -27. What is the highest common factor of d and l?
4
Let u(t) = 29*t**3 + 1. Let w be u(-1). Let j = 145 + w. Let f be 89/7 + (-6)/(-21). What is the highest common divisor of f and j?
13
Suppose -4*g + 83 + 601 = 0. Suppose r + 3*a = 10, -5*r - 3*a + 0*a + 86 = 0. What is the highest common divisor of r and g?
19
Suppose -514*n = -510*n - 1064. What is the highest common factor of n and 152?
38
Let f be ((-544)/48)/((-7)/3 - -2). Suppose -3*k = 2*c - 153, -k + 0*k - c = -51. Calculate the highest common factor of k and f.
17
Let h = 58 - 42. Suppose 4*k - h = 0, -5*l - 2*k + 5*k + 33 = 0. Calculate the greatest common divisor of l and 81.
9
Let a = -18 + 49. Let z = a + -13. Suppose 0 = 2*s + s - z. Calculate the highest common divisor of 30 and s.
6
Suppose b = 59 + 85. Suppose -f + 5*k = -3, 9 = -5*f - 5*k + b. What is the greatest common factor of 46 and f?
23
Let m = 1058 + -827. What is the greatest common factor of m and 66?
33
Suppose -4*s = 7*s - 1617. Calculate the greatest common factor of 3 and s.
3
Let z(u) = u + 14. Let p be z(0). Suppose 2352 = -35*j + 56*j. Calculate the highest common divisor of j and p.
14
Let m(q) = -2*q**2 + q - 1. Let v be m(1). Let f be -1 + -121 + 4 + v. Let d = f + 170. Calculate the greatest common factor of 25 and d.
25
Let c be ((110/(-6))/(-11))/(3/36). Calculate the greatest common factor of c and 1180.
20
Suppose 48*q + 198 = 51*q. Calculate the highest common divisor of q and 6.
6
Let b be 12 - (57/(-152))/((-1)/8). Suppose -j + 0 = -3. What is the highest common divisor of j and b?
3
Let v = 291 + -288. Calculate the greatest common factor of v and 39.
3
Suppose 5*u + z - 805 = 0, u + 12*z - 185 = 7*z. Calculate the highest common factor of u and 360.
40
Let a be (6 - 114/18)/(2/(-162)). Suppose -30 = -4*x + 78. What is the greatest common factor of a and x?
27
Let f(l) = -8*l - 111. Let m be f(-14). Calculate the highest common divisor of 31 and m.
1
Let j = -808 + 1108. What is the highest common factor of 4 and j?
4
Suppose 2*s + 0*s + 2 = 0. Let z(m) = 0*m + m - 22 + 21 + 3*m**2 - 12*m**3. Let y be z(s). Calculate the highest common divisor of y and 130.
13
Suppose -2*f + 0*z = 3*z - 3, 1 = -f + z. Let v = 8 + f. Let r be v/32*4/1. Calculate the greatest common factor of 9 and r.
1
Let v = -532 + 547. Calculate the greatest common factor of 85 and v.
5
Suppose 2*j - d = 328, 4*j - 4*d = 126 + 526. Calculate the highest common divisor of 45 and j.
15
Let u be (-4)/1 + (4 - 2). Let f be 5/(u/(-6)*3). Suppose -f*o + 96 = -o. What is the highest common factor of 16 and o?
8
Suppose 4*f = 2*d - 10, -3*d + 3 = -f + 8. Let h be 7 + d/3 - -4. Calculate the greatest common divisor of 30 and h.
10
Let z be (-448)/(-20) + (-6)/15. Suppose -5*l = 170 - 830. Suppose 0 = -2*s - 0*s + l. Calculate the highest common factor of z and s.
22
Let z be (-23*1/4)/(117/(-936)). Calculate the greatest common divisor of z and 69.
23
Suppose -200 = -2*x - 48. Let s = x - 52. Let v be -3 + (-2)/((-6)/153). Calculate the highest common factor of s and v.
24
Suppose -2*j + 5*j = 6. Suppose -j*b - 2 = x, x - 2*b - 22 = -3*x. What is the highest common divisor of x and 4?
4
Suppose -2*z - 3*z + 12 = 2*g, 3*g + z = 18. Let i(y) = 9*y**2 - 25*y - 3. Let u be i(g). Calculate the greatest common factor of u and 19.
19
Let c = 8 - 3. Let w be 22/6 + (-2)/(-6). Suppose -i - 136 = -3*a, 2*a + 5*i - 81 = w. Calculate the highest common factor of a and c.
5
Let v(l) = -l**3 - 5*l**2 - 2. Let u be v(-4). Let t be (u/8)/((-1)/16). Calculate the highest common factor of 90 and t.
18
Let a be (-722)/(-8) + 2/16*-2. Suppose -11*f + a = -2*f. Calculate the greatest common factor of f and 90.
10
Let y(g) = g**2 + 12*g + 3. Let u be y(-12). Let b = 87 - u. Calculate the highest common divisor of 14 and b.
14
Suppose -5*n = -5*r - n - 106, 0 = -3*n - 3. Let s = r + 103. Calculate the greatest common divisor of s and 27.
27
Let a(z) = z**3 + 39*z**2 - 2*z + 48. Let n be a(-39). Suppose 5*t = -2*j + 43, 2*t - 7*t + 1 = -j. Calculate the greatest common factor of j and n.
14
Let o be 10/8 + -1 - (-152)/32. Suppose o*r = -4*r + 585. Calculate the greatest common factor of 5 and r.
5
Let k be 354/3 + (0 - (1 - 3)). Let j be ((-2)/(-4))/(5/50). Suppose 101 = j*q + 26. What is the highest common divisor of k and q?
15
Suppose 3 = 2*x + 7. Let r(h) = -4*h**3 + 2*h**2 + 4*h + 4. Let p be r(x). Calculate the greatest common divisor of 9 and p.
9
Let g = 114 - 104. Suppose 2*w - w - 80 = 0. What is the highest common factor of g and w?
10
Let g(i) = i**3 + 21*i**2 - 46*i + 8. Let j be g(-23). Suppose -6*q - 57 = -585. Calculate the highest common divisor of j and q.
8
Let u = -413 - -419. Calculate the highest common divisor of u and 474.
6
Let t(w) = 6*w**2 - 13*w + 29. Let c be t(6). Suppose 2*o + 162 = 4*v, 3*o + c = 5*v - 34. Calculate the greatest common factor of 14 and v.
14
Let t = 146 - 41. What is the highest common factor of 147 and t?
21
Let q(b) = b**2 - 12*b + 14. Let a be q(10). Let c(x) = -x**2 - 7*x - 2. Let w be c(a). Calculate the highest common divisor of 12 and w.
4
Let m = 96 - 89. Suppose 10*t + 2*p - 179 = m*t, 5*t = 5*p + 340. What is the greatest common factor of 84 and t?
21
Let p(h) = 7 + 6*h**2 - 4*h**2 + 12*h + h**2. Let m(d) = 2*d**2 - 18*d + 11. Let u be m(8). Let a be p(u). What is the greatest common divisor of 2 and a?
2
Let g = 5 + -3. Suppose -g*m - 60 = -8*m. Calculate the highest common factor of 10 and m.
10
Suppose 0 = 237*b - 235*b - 102. Calculate the greatest common factor of b and 306.
51
Suppose -3*u - 4*i = -170, -9*i = 4*u - 14*i - 268. Calculate the greatest common divisor of 2 and u.
2
Let c = 1495 - 1385. What is the highest common divisor of c and 10?
10
Let k(c) = 24*c**3 - 161*c**2 + 11*c - 15. Let q be k(7). Calculate the greatest common divisor of 27 and q.
27
Let y(i) = 2*i**2 + 8*i + 25. Suppose 4*b + 2*g = -44, 0*b + 2*b + 5*g + 14 = 0. Let k be y(b). What is the greatest common divisor of k and 31?
31
Let a = 125 - 83. Let w = 25 + -15. Let n = w + 4. What is the highest common factor of n and a?
14
Suppose 3*v = 13 + 152. Suppose 0 = -2*a + 3*i + v, 33 = 2*a + 3*i - 4. Calculate the highest common factor of a and 161.
23
Let f(c) = 2*c**2 + 2*c. Let t be f(-2). Suppose -750 = -5*l - t*p, 139 = 3*l - 2*l + 3*p. What is the highest common factor of l and 14?
14
Suppose -1328 = 6*t - 4778. What is the highest common divisor of 23 and t?
23
Let d(n) = n**3 + 20*n**2 - 58*n - 50. Let s be d(-22). What is the greatest common factor of 12 and s?
6
L